nd 2187.
3
What is the highest common factor of 30 and 105?
15
Calculate the highest common divisor of 44 and 11.
11
What is the highest common divisor of 1184 and 3478?
74
Calculate the greatest common factor of 4928 and 11.
11
Calculate the greatest common factor of 56 and 23604.
28
What is the highest common factor of 745 and 1043?
149
Calculate the greatest common divisor of 256 and 288.
32
What is the highest common factor of 1836 and 1088?
68
Calculate the highest common factor of 120 and 780.
60
Calculate the highest common factor of 275 and 242.
11
What is the greatest common divisor of 6432 and 96?
96
Calculate the highest common factor of 894 and 2384.
298
Calculate the greatest common divisor of 116 and 3596.
116
What is the highest common factor of 2100 and 180?
60
What is the greatest common factor of 11 and 374?
11
Calculate the greatest common factor of 560 and 460.
20
Calculate the greatest common divisor of 19600 and 800.
400
Calculate the greatest common divisor of 26 and 8125.
13
Calculate the highest common factor of 1067 and 2037.
97
Calculate the greatest common factor of 744 and 96.
24
Calculate the highest common factor of 25591 and 163.
163
What is the highest common factor of 27 and 5067?
9
What is the highest common factor of 154 and 42?
14
Calculate the highest common factor of 12314 and 188.
94
What is the highest common factor of 1 and 433?
1
What is the greatest common factor of 47 and 752?
47
Calculate the greatest common factor of 141 and 6.
3
Calculate the greatest common divisor of 1 and 58.
1
What is the greatest common factor of 204 and 60?
12
What is the highest common factor of 1272 and 24?
24
Calculate the greatest common divisor of 28 and 156.
4
What is the greatest common divisor of 1848 and 20?
4
What is the greatest common factor of 2226 and 210?
42
What is the greatest common divisor of 220 and 940?
20
Calculate the greatest common divisor of 22 and 278.
2
Calculate the greatest common divisor of 609 and 231.
21
What is the greatest common divisor of 494 and 1768?
26
What is the highest common factor of 2692 and 8?
4
Calculate the highest common divisor of 58288 and 16.
16
Calculate the highest common factor of 670 and 50.
10
What is the highest common divisor of 1862 and 1330?
266
What is the highest common factor of 60 and 24?
12
What is the greatest common factor of 77 and 4367?
11
What is the highest common divisor of 108 and 3?
3
What is the greatest common divisor of 136 and 170?
34
Calculate the highest common divisor of 30 and 765.
15
What is the highest common factor of 68 and 64?
4
Calculate the greatest common divisor of 36 and 6282.
18
What is the highest common factor of 96 and 150?
6
Calculate the greatest common divisor of 70 and 133.
7
Calculate the highest common factor of 25 and 125.
25
What is the highest common factor of 28 and 532?
28
Calculate the greatest common factor of 315 and 36.
9
Calculate the greatest common divisor of 54 and 21546.
54
What is the highest common factor of 210 and 595?
35
Calculate the greatest common factor of 55 and 4345.
55
What is the greatest common divisor of 190 and 2440?
10
What is the highest common divisor of 80 and 32?
16
What is the highest common divisor of 260 and 910?
130
Calculate the greatest common divisor of 47233 and 634.
317
Calculate the greatest common factor of 198 and 7194.
66
Calculate the greatest common factor of 744 and 10912.
248
Calculate the greatest common factor of 35179 and 277.
277
What is the greatest common divisor of 44 and 22?
22
What is the greatest common divisor of 3 and 33?
3
What is the greatest common factor of 8 and 2048?
8
Calculate the greatest common factor of 1352 and 156.
52
What is the greatest common factor of 102 and 867?
51
What is the greatest common divisor of 10 and 135?
5
What is the greatest common factor of 640 and 48?
16
What is the greatest common divisor of 4773 and 129?
129
What is the highest common divisor of 845 and 507?
169
Calculate the greatest common divisor of 150 and 75.
75
Calculate the highest common divisor of 1216 and 19.
19
What is the highest common factor of 36 and 288?
36
What is the greatest common divisor of 315 and 225?
45
Calculate the greatest common divisor of 50 and 26100.
50
Calculate the highest common divisor of 30 and 1260.
30
Calculate the highest common factor of 140 and 84.
28
What is the greatest common divisor of 573 and 3?
3
What is the greatest common factor of 47 and 188?
47
Calculate the greatest common factor of 231 and 11.
11
What is the highest common divisor of 264 and 462?
66
Calculate the highest common factor of 2682 and 5811.
447
Calculate the greatest common factor of 2030 and 70.
70
Calculate the highest common divisor of 2546 and 67.
67
What is the greatest common divisor of 15 and 70?
5
Calculate the greatest common factor of 992 and 20.
4
What is the greatest common divisor of 132 and 33?
33
What is the greatest common divisor of 132 and 3?
3
What is the greatest common factor of 9766 and 38?
38
What is the greatest common divisor of 143 and 169?
13
Calculate the greatest common factor of 71 and 5609.
71
Calculate the greatest common factor of 190 and 80.
10
Calculate the greatest common divisor of 14 and 3.
1
What is the greatest common divisor of 2817 and 99?
9
What is the greatest common divisor of 62 and 14?
2
What is the greatest common divisor of 40 and 700?
20
What is the highest common factor of 1131 and 3741?
87
Calculate the greatest common factor of 621 and 23.
23
Calculate the greatest common divisor of 32 and 656.
16
What is the greatest common divisor of 72 and 1896?
24
Calculate the highest common divisor of 18889 and 39.
13
What is the highest common divisor of 923 and 13?
13
Calculate the highest common factor of 3 and 46.
1
What is the highest common divisor of 2784 and 384?
96
Calculate the highest common divisor of 336 and 49.
7
Calculate the highest common factor of 2387 and 31.
31
Calculate the greatest common divisor of 119 and 17.
17
Calculate the greatest common factor of 459 and 162.
27
What is the highest common factor of 2525 and 150?
25
What is the greatest common divisor of 78 and 4758?
78
What is the highest common divisor of 11 and 22?
11
Calculate the highest common factor of 34850 and 85.
85
What is the greatest common divisor of 61147 and 47?
47
Calculate the highest common divisor of 76 and 8.
4
What is the highest common divisor of 1292 and 3268?
76
What is the greatest common factor of 12563 and 17?
17
What is the highest common factor of 450 and 40?
10
What is the greatest common factor of 12 and 174?
6
Calculate the greatest common factor of 22024 and 8.
8
Calculate the highest common divisor of 116 and 783.
29
Calculate the highest common divisor of 51 and 1496.
17
Calculate the highest common factor of 65 and 35.
5
Calculate the highest common factor of 56 and 21.
7
Calculate the greatest common divisor of 6 and 768.
6
What is the greatest common divisor of 3897 and 9?
9
What is the greatest common factor of 24505 and 290?
145
Calculate the greatest common factor of 1256 and 40.
8
Calculate the greatest common divisor of 50 and 1330.
10
Calculate the highest common factor of 111 and 4107.
111
Calculate the highest common factor of 697 and 1558.
41
Calculate the greatest common factor of 66 and 297.
33
Calculate the greatest common factor of 18 and 3006.
18
Calculate the highest common divisor of 45 and 300.
15
Calculate the greatest common factor of 205 and 123.
41
Calculate the highest common divisor of 49368 and 33.
33
What is the highest common divisor of 779 and 19?
19
Calculate the greatest common divisor of 425 and 34.
17
Calculate the greatest common divisor of 54 and 198.
18
What is the greatest common divisor of 232 and 152?
8
What is the highest common divisor of 1512 and 132?
12
Calculate the greatest common divisor of 441 and 8631.
63
Calculate the greatest common factor of 131 and 45326.
131
What is the highest common divisor of 44 and 1408?
44
Calculate the greatest common factor of 508 and 164.
4
What is the highest common factor of 213 and 2059?
71
What is the greatest common factor of 16 and 6024?
8
Calculate the greatest common divisor of 2 and 2.
2
What is the greatest common